f r and c?
7
Suppose -47*m + 54*m = 10948. Suppose 6*a + 5*t = 3*a + m, 4 = -t. Calculate the greatest common factor of a and 33.
33
Suppose c - 7450 = -q, -370*c + 2*q - 7445 = -371*c. What is the highest common factor of c and 35?
35
Suppose -7044 = -2*x + 5*c, -3*x - c = 1681 - 12213. What is the greatest common factor of 12 and x?
4
Let v(z) = 3*z**2 + 39*z + 4. Let n be v(5). Calculate the highest common factor of 1781 and n.
137
Let v(j) = 184*j + 7856. Let b be v(-42). Calculate the highest common divisor of 236 and b.
4
Suppose 0*h - 8424 = -26*h + 14*h. What is the greatest common divisor of 216 and h?
54
Let y = -592 + 592. Suppose y = 4*f + 21 - 61. What is the highest common factor of 2 and f?
2
Let p = 59 + -46. Let d = 26 - -29. Let h be ((-594)/d)/((-3)/10) + 3. What is the greatest common factor of p and h?
13
Suppose -72 = -3*v + 4*i - 1016, -3*v - 949 = i. Let z = -235 - v. Calculate the greatest common divisor of 189 and z.
27
Suppose 24*p = 37*p - 2808. Suppose 0 = 54*r - 29*r - 3375. What is the greatest common factor of p and r?
27
Let i(z) = -2401*z - 1607. Let c be i(-3). Calculate the highest common factor of 4 and c.
4
Let p(d) = -2*d**3 + d**2. Let h be p(-2). Suppose o = -4*f + 133 - 83, -5*f + 64 = 2*o. What is the highest common divisor of o and h?
2
Let c(l) = 13*l**2 + l + 2. Let u be c(-1). Suppose 0 = 3*k + y - 621 - 1353, -2632 = -4*k - 3*y. Calculate the highest common divisor of k and u.
14
Suppose 80 - 332 = -7*p. Let n = p - 68. Let x = -26 - n. What is the highest common factor of 42 and x?
6
Let q be (-17)/(119/462)*(-4)/6. Suppose -y + q = -124. Suppose -9*w = 3*w - y. What is the greatest common divisor of w and 140?
14
Suppose -9*k + 3181 = -113. Calculate the highest common factor of 42 and k.
6
Suppose -23*j = -2*j - 14*j - 567. Calculate the greatest common divisor of j and 1125.
9
Suppose -48 = -3*f + 12. Suppose -8*j = -4*j - 136. Let s = 84 - j. Calculate the greatest common divisor of f and s.
10
Let d(f) = 14*f**3 - 5*f**2 - 14*f + 152. Let q be d(6). Calculate the highest common divisor of q and 84.
28
Let d(s) = 10*s - 1. Let o be d(3). Let i be 3/((-871)/(-2262) + 52/(-12) + 4). What is the highest common divisor of o and i?
29
Suppose -5*f = -1464 + 44. Suppose 0*m - 4*m + f = 0. Let x = m - 51. Calculate the greatest common divisor of 160 and x.
20
Let p = 23 + -16. Let v(o) = 3*o + 27. Let z be v(5). Suppose n - 91 = -z. What is the greatest common divisor of n and p?
7
Suppose 3*d + 45 = 4*n, -48 = -19*n + 14*n + d. Let x(m) = -20*m + 262. Let o be x(n). What is the greatest common divisor of o and 451?
41
Let n be -1 + (-939)/(-9) + (-20)/(-30). Calculate the highest common factor of n and 10192.
104
Suppose 1036 - 82 = 3*b + 3*p, 0 = 3*b + 4*p - 957. Let q be 132 - 13/(26/4) - (7 + -3). Calculate the greatest common factor of b and q.
63
Suppose -25 = -26*v + 27. Let a be 6/5*(v + (-255)/(-10)). Calculate the highest common factor of 3 and a.
3
Let m(o) = -6*o**2 - 245*o - 231. Let w be m(-1). Suppose -5*h - 511 = -4*v - 2*h, -630 = -5*v + 2*h. What is the highest common divisor of v and w?
4
Let h(g) = -141*g - 61. Let j be h(6). Let t = -811 - j. What is the highest common divisor of 36 and t?
12
Suppose 0 = 1195*r - 1190*r - 310. Let m = -217 - -310. What is the greatest common factor of m and r?
31
Let u be (-654)/(-1417)*(-52)/(-18) - (-4)/6. What is the highest common factor of u and 222?
2
Let o be (-3)/(14/(-17624)*(-53)/(-371)). Calculate the highest common divisor of 12 and o.
12
Let z(f) = 4*f**3 - 6*f**2 + 17*f - 38. Let p be z(4). Calculate the highest common factor of p and 304.
38
Let l(h) = -103*h**2 - 330*h + 1. Let o be l(-3). What is the highest common divisor of o and 5552?
16
Let i(o) = -12*o**2 + o + 9. Let m be i(5). Let w = -229 - m. What is the highest common factor of w and 741?
57
Suppose -528*r - 2388 = -727*r. Calculate the highest common divisor of 4374 and r.
6
Let y(j) = 2*j**2 + 5*j + 5. Let s be y(-2). Suppose 5 - s = 2*q. Suppose -2*l - 37 = -5*l - b, -q = -b. What is the highest common divisor of l and 4?
4
Let b = 6713 - 6659. Calculate the greatest common factor of 3375 and b.
27
Suppose -24*m - 18 = -114. Let h(d) = 31*d - 97. Let l be h(m). Suppose 0 = 5*a - 36 - 54. What is the greatest common divisor of a and l?
9
Let i(o) be the second derivative of o**5/10 + 7*o**4/4 + 7*o**3/2 + 3*o**2 + 52*o. Let m be i(-9). Calculate the highest common factor of 15 and m.
15
Suppose p = -4*q + 3, 0 = -4*p + 8*p + 20. Let w be q/4 - 38975/(-50). Calculate the highest common factor of w and 60.
60
Suppose 20*o - 812 = 267 + 321. What is the greatest common divisor of 182 and o?
14
Let x(k) = 5*k**2 - 52*k + 123. Let s be x(-10). What is the greatest common divisor of 9 and s?
9
Let r be ((-54)/(-9) + 15)*1. What is the greatest common factor of 56007 and r?
21
Suppose m = -19*m + 74208 - 24928. What is the highest common factor of 7 and m?
7
Let q(w) = 132*w + 1456. Let m be q(-11). Calculate the greatest common divisor of 422 and m.
2
Let j = 117 + -383. Let o = j + 268. What is the greatest common factor of o and 1?
1
Let u(c) = 14*c**2 - 388*c - 784. Let t be u(-2). What is the highest common factor of t and 81?
3
Let i(h) = -84*h + 9. Let d be i(-1). Let j = d - -42. Calculate the highest common factor of j and 15.
15
Let p = 496 + -391. Suppose 7*k - 10*k = -p. Calculate the greatest common factor of 10 and k.
5
Let k(j) = j**3 - 7*j**2 - 77*j - 125. Let g be k(-4). Suppose 0 = 5*u - 13 - 12. Calculate the greatest common factor of u and g.
1
Let c(m) be the third derivative of 37*m**2 + 11/6*m**3 + 0 + 1/24*m**4 + 0*m. Let d be c(-9). What is the greatest common divisor of d and 8?
2
Let b be (3 + 2/3)*(115 + -94). Calculate the greatest common factor of 70 and b.
7
Let z(t) = -2*t**3 - 14*t**2 - 57*t - 322. Let w be z(-7). Calculate the highest common divisor of 55 and w.
11
Let f = -7119 + 7329. What is the highest common divisor of 1344 and f?
42
Let w = 594 - 585. Suppose 0 = 2*o - 69 + 21. Calculate the highest common factor of w and o.
3
Let s be (-5)/(-15)*-6 + 40. Suppose 372 - 2956 = -s*z. What is the highest common divisor of z and 204?
68
Let f be (-1)/((-9)/96)*(5 - 2). Suppose -302 - 2182 = -12*a + 12. What is the greatest common divisor of a and f?
16
Let h = 372 - 711. Let i = 700 + h. Calculate the highest common factor of 38 and i.
19
Suppose 7*d + 5 - 145 = 0. Let v(m) = -m**3 + 6*m**2 - 43*m + 74. Let u be v(2). What is the highest common factor of d and u?
4
Suppose 5*g = 453 - 483, 0 = 5*z - 3*g - 128. What is the highest common divisor of z and 2?
2
Suppose 13*d + 395 = 1214. What is the greatest common divisor of d and 297?
9
Suppose -9*o = -4*o - 60. Let m = o - 34. Let b = -1 - m. Calculate the greatest common divisor of 231 and b.
21
Let i = 5483 - 5311. Calculate the highest common divisor of i and 2537.
43
Suppose -2*p - 15 = -125. Suppose 0 = 3*k - 53 - p. Let c = -103 + 130. Calculate the highest common factor of c and k.
9
Let a = -3528 - -3618. What is the greatest common divisor of 120 and a?
30
Suppose -3*l + 2*j + 1290 = 0, -4*l - 29*j = -28*j - 1731. Calculate the highest common divisor of l and 135.
27
Let v be 6*(-2)/20 + 980/50. Suppose 0 = -v*m + 20*m - 125. What is the highest common divisor of m and 50?
25
Let a be 8/(-24) + (-3)/(-9). Suppose 5*k - 5*o + 450 = -a*o, 4*k = -4*o - 400. Let f = -85 - k. Calculate the greatest common divisor of f and 35.
5
Suppose 7*t + 710 = 752. Let g be (-133)/(-49) - (-12)/42. Calculate the greatest common factor of g and t.
3
Suppose 842 = 5*m - c, -5*m = -4*m + 3*c - 162. Suppose 31*s = 37*s - 252. What is the greatest common divisor of m and s?
42
Suppose -4*x + 3*o + 254 = 0, -5*x + x - 3*o = -266. Suppose -r + 6 + 35 = 5*j, 4*r - 5*j = 89. Calculate the greatest common divisor of r and x.
13
Let z = -1753 + 2167. Calculate the greatest common divisor of z and 184.
46
Let r = 21381 + -21160. What is the highest common divisor of 793 and r?
13
Suppose 152 - 448 = -4*q. Suppose -80*v = -q*v - 528. Calculate the highest common divisor of v and 44.
44
Let w be 1*2624/24*6. Let q be 1/8 + 9758/w. What is the greatest common divisor of 180 and q?
15
Let y(n) = n**2 + 86*n